73
What is the highest common factor of 230 and 302?
2
Calculate the highest common divisor of 1485192 and 912.
456
What is the greatest common factor of 1676688 and 30?
6
What is the greatest common factor of 59 and 2282887?
59
What is the highest common factor of 404579 and 116?
29
What is the greatest common factor of 48 and 65028?
12
Calculate the highest common factor of 41 and 7314277.
41
What is the highest common divisor of 238 and 32232?
34
Calculate the highest common divisor of 891 and 5373.
27
Calculate the highest common divisor of 48169 and 33814.
319
What is the highest common divisor of 41950 and 300?
50
What is the greatest common factor of 57797 and 29?
29
Calculate the greatest common factor of 656472 and 612.
204
What is the greatest common factor of 4345 and 12870?
55
What is the greatest common factor of 398 and 23755824?
398
What is the greatest common factor of 936491 and 3933?
437
Calculate the highest common factor of 20822 and 464.
58
What is the highest common factor of 74848 and 32?
32
What is the greatest common factor of 782 and 226090?
46
Calculate the greatest common factor of 948 and 189444.
12
What is the greatest common factor of 63 and 444159?
9
Calculate the highest common divisor of 430370 and 10.
10
What is the highest common divisor of 2808 and 1800?
72
Calculate the highest common factor of 144 and 12069.
9
Calculate the highest common factor of 133 and 102543.
133
Calculate the greatest common divisor of 8690 and 4664.
22
What is the highest common factor of 165 and 22605?
165
Calculate the greatest common divisor of 192 and 2970.
6
Calculate the greatest common factor of 185 and 218263.
37
Calculate the greatest common divisor of 81802 and 28.
14
What is the greatest common factor of 268825 and 75?
25
What is the greatest common factor of 2805 and 2176119?
561
What is the greatest common factor of 23 and 367379?
23
Calculate the greatest common divisor of 174 and 19401.
87
What is the highest common divisor of 1150 and 137650?
50
What is the highest common divisor of 24624 and 1620?
324
Calculate the greatest common factor of 2469390 and 33.
33
Calculate the highest common divisor of 629 and 4063.
17
What is the greatest common factor of 674 and 25275?
337
What is the greatest common factor of 968 and 1341164?
484
What is the greatest common divisor of 2844 and 14607?
9
What is the greatest common factor of 546 and 32298?
42
What is the greatest common factor of 443386 and 664?
166
What is the greatest common divisor of 120 and 193350?
30
What is the highest common factor of 216 and 8448?
24
What is the greatest common factor of 6334913 and 299?
299
Calculate the greatest common factor of 76498 and 115.
23
Calculate the highest common divisor of 195228 and 306.
306
Calculate the greatest common divisor of 241764 and 276.
12
Calculate the greatest common factor of 711 and 149784.
237
Calculate the highest common divisor of 81 and 70515.
9
What is the highest common divisor of 3860 and 1023865?
965
What is the highest common divisor of 2976 and 1798?
62
Calculate the greatest common divisor of 14161 and 697.
17
Calculate the greatest common factor of 814725 and 1278.
639
What is the highest common divisor of 4480 and 1610?
70
Calculate the greatest common divisor of 198 and 24714.
18
Calculate the highest common divisor of 23100 and 13125.
525
What is the greatest common factor of 10240 and 13080?
40
What is the highest common factor of 462676 and 412?
412
What is the greatest common divisor of 8300 and 5644?
332
Calculate the greatest common factor of 1219 and 26341.
53
What is the highest common factor of 516 and 4776?
12
What is the greatest common factor of 640 and 3880?
40
Calculate the highest common divisor of 83 and 151143.
83
What is the highest common divisor of 8 and 269?
1
What is the greatest common divisor of 1245 and 183285?
15
Calculate the greatest common divisor of 996 and 396.
12
What is the highest common factor of 223209 and 378?
189
Calculate the greatest common factor of 1136380 and 140.
140
Calculate the highest common divisor of 1136 and 4000.
16
Calculate the greatest common divisor of 66 and 3520.
22
What is the greatest common factor of 21 and 12131?
7
Calculate the greatest common factor of 9009 and 1232.
77
What is the highest common factor of 838341 and 13671?
441
Calculate the highest common divisor of 19901 and 4.
1
What is the highest common divisor of 129184 and 352?
352
What is the highest common factor of 185 and 9?
1
Calculate the greatest common divisor of 1200 and 23250.
150
Calculate the greatest common divisor of 97219 and 38175.
509
Calculate the greatest common factor of 1825 and 3275.
25
Calculate the highest common factor of 1508 and 131573.
377
Calculate the greatest common divisor of 26766 and 54.
18
Calculate the highest common factor of 3775 and 3.
1
What is the greatest common factor of 78261 and 171?
57
What is the highest common divisor of 48205 and 775?
155
Calculate the highest common divisor of 120053 and 443.
443
Calculate the highest common divisor of 1266 and 3556194.
1266
What is the highest common divisor of 129441 and 78?
39
Calculate the greatest common divisor of 7569 and 467596.
841
What is the highest common divisor of 217372 and 372?
124
What is the highest common factor of 933 and 70286?
311
Calculate the highest common divisor of 37437 and 21.
3
Calculate the greatest common divisor of 175725 and 50055.
1065
What is the greatest common divisor of 105059 and 155?
31
Calculate the greatest common factor of 757614 and 2574.
858
Calculate the greatest common divisor of 9083 and 93.
31
What is the greatest common divisor of 128716 and 28?
28
Calculate the highest common divisor of 215040 and 6.
6
What is the greatest common factor of 1124 and 990525?
281
Calculate the greatest common factor of 8004 and 633708.
348
What is the greatest common factor of 258375 and 600?
75
Calculate the highest common factor of 980075 and 8865.
985
What is the greatest common divisor of 30 and 1484655?
15
What is the greatest common factor of 740 and 70855?
185
What is the highest common factor of 76 and 314754?
38
What is the greatest common factor of 351 and 223821?
117
What is the greatest common factor of 296 and 180708?
148
Calculate the greatest common factor of 51200 and 2000.
400
Calculate the highest common divisor of 25370 and 16697.
59
Calculate the highest common divisor of 52 and 55991.
13
What is the highest common factor of 230 and 1830225?
115
What is the greatest common divisor of 135 and 7047?
27
What is the greatest common factor of 1444 and 2331338?
722
What is the greatest common factor of 26167 and 955?
191
What is the greatest common divisor of 4 and 1372?
4
Calculate the greatest common divisor of 11580 and 12.
12
What is the greatest common divisor of 80 and 16890?
10
What is the greatest common divisor of 2673 and 33?
33
Calculate the greatest common divisor of 918 and 16048.
34
Calculate the highest common factor of 849750 and 66.
66
Calculate the greatest common divisor of 16 and 26876.
4
Calculate the greatest common divisor of 275296 and 14.
14
Calculate the greatest common factor of 22 and 2962553.
11
What is the greatest common divisor of 156318 and 66?
6
Calculate the greatest common factor of 72171 and 99.
99
What is the greatest common divisor of 484 and 22132?
44
Calculate the highest common factor of 3608 and 3256.
88
Calculate the greatest common divisor of 16867 and 2727.
101
Calculate the greatest common divisor of 5 and 15647.
1
What is the greatest common divisor of 408 and 231438?
102
Calculate the greatest common factor of 672 and 132576.
96
Calculate the highest common factor of 3794306 and 778.
778
What is the greatest common divisor of 1340 and 2225?
5
Calculate the highest common factor of 144 and 4653144.
72
What is the highest common factor of 18293143 and 1387?
1387
Calculate the highest common factor of 358776 and 396.
396
Calculate the highest common factor of 708 and 22125.
177
What is the highest common factor of 51 and 136527?
51
What is the greatest common factor of 34 and 1202886?
34
What is the greatest common factor of 4880 and 8850?
10
Calculate the highest common factor of 112 and 3311.
7
What